{"id":5574,"date":"2019-12-20T00:33:22","date_gmt":"2019-12-20T00:33:22","guid":{"rendered":"http:\/\/eriksebastia.com\/bttllagostera\/?page_id=5574"},"modified":"2025-04-03T00:58:59","modified_gmt":"2025-04-03T00:58:59","slug":"fes-te-soci","status":"publish","type":"page","link":"http:\/\/www.bttllagostera.cat\/?page_id=5574","title":{"rendered":"Fes-te Soci"},"content":{"rendered":"\n<p>Fer-te soci del Club BTT Llagostera \u00e9s molt f\u00e0cil, per 8\u20ac a l&#8217;any podr\u00e0s gaudir de diferents beneficis pel fet de ser soci:<\/p>\n\n\n\n<div style=\"height:29px\" aria-hidden=\"true\" class=\"wp-block-spacer\"><\/div>\n\n\n\n<div class=\"wp-block-group is-layout-flow\"><div class=\"wp-block-group__inner-container\">\n<div class=\"wp-block-group is-layout-flow\"><div class=\"wp-block-group__inner-container\">\n<div class=\"wp-block-qodeblock-qb-pricing qb-pricing-columns-2\"><div class=\"qb-pricing-table-wrap qb-block-pricing-table-gap-2\"><\/div><\/div>\n<\/div><\/div>\n<\/div><\/div>\n\n\n\n<div class=\"wp-block-qodeblock-qb-pricing qb-pricing-columns-2\"><div class=\"qb-pricing-table-wrap qb-block-pricing-table-gap-2\">\n<div class=\"wp-block-qodeblock-qb-pricing-table qb-block-pricing-table-center qb-block-pricing-table bloque_pricing_soci\" itemscope itemtype=\"http:\/\/schema.org\/Product\"><div class=\"qb-block-pricing-table-inside\" style=\"border-width:2px;border-style:solid\">\n<div itemprop=\"name\" style=\"padding-top:30px;padding-right:20px;padding-bottom:10px;padding-left:20px\" class=\"wp-block-qodeblock-qb-pricing-table-title qb-pricing-table-title has-medium-font-size\"> <strong>Qu\u00e8 costa ser soci?<\/strong> <\/div>\n\n\n\n<div class=\"wp-block-qodeblock-qb-pricing-table-subtitle qb-pricing-table-subtitle\" style=\"font-size:20px;padding-top:10px;padding-right:20px;padding-bottom:10px;padding-left:20px\"> Preu anual<\/div>\n\n\n\n<div class=\"wp-block-qodeblock-qb-pricing-table-price qb-pricing-table-price-wrap qb-pricing-has-currency\" style=\"padding-top:10px;padding-right:20px;padding-bottom:10px;padding-left:20px\"><div itemprop=\"offers\" itemscope itemtype=\"http:\/\/schema.org\/Offer\"><span itemprop=\"priceCurrency\" class=\"qb-pricing-table-currency\" style=\"font-size:24px\"> <\/span><div itemprop=\"price\" class=\"qb-pricing-table-price\" style=\"font-size:60px\">10<\/div><span class=\"qb-pricing-table-term\" style=\"font-size:24px\">\u20ac tot l&#8217;any<\/span><\/div><\/div>\n\n\n\n<ul itemprop=\"description\" class=\"wp-block-qodeblock-qb-pricing-table-features qb-pricing-table-features qb-list-border-none qb-list-border-width-1\" style=\"font-size:20px;padding-top:15px;padding-right:20px;padding-bottom:15px;padding-left:20px\"><li> \u2013 Activitats i sortides exclusives<br> \u2013 Gesti\u00f3 llic\u00e8ncies federatives<br> \u2013 Descomptes amb botigues del poble<br> \u2013 Condicions especials per als corredors amateurs o professionals<br> \u2013 Equipaci\u00f3 pr\u00f2pia del club d\u2019alta qualitat<\/li><\/ul>\n\n\n\n<div class=\"wp-block-qodeblock-qb-pricing-table-button qb-pricing-table-button\" style=\"padding-top:15px;padding-right:20px;padding-bottom:35px;padding-left:20px\"><div class=\"qb-block-button\"><a href=\"mailto:bttllagostera@gmail.com\" class=\"qb-button qb-button-shape-rounded qb-button-size-small\" style=\"background-color:#272c30\"><mark style=\"background-color:rgba(0, 0, 0, 0)\" class=\"has-inline-color has-white-color\">Fer-me Soci<\/mark><\/a><\/div><\/div>\n<\/div><\/div>\n\n\n\n<div class=\"wp-block-qodeblock-qb-pricing-table qb-block-pricing-table-center qb-block-pricing-table\" itemscope itemtype=\"http:\/\/schema.org\/Product\"><div class=\"qb-block-pricing-table-inside\" style=\"border-width:2px;border-style:solid\">\n<div itemprop=\"name\" style=\"padding-top:30px;padding-right:20px;padding-bottom:10px;padding-left:20px\" class=\"wp-block-qodeblock-qb-pricing-table-title qb-pricing-table-title has-medium-font-size\"><strong>Price Title<\/strong><\/div>\n\n\n\n<div class=\"wp-block-qodeblock-qb-pricing-table-subtitle qb-pricing-table-subtitle\" style=\"font-size:20px;padding-top:10px;padding-right:20px;padding-bottom:10px;padding-left:20px\">Price Subtitle Description<\/div>\n\n\n\n<div class=\"wp-block-qodeblock-qb-pricing-table-price qb-pricing-table-price-wrap qb-pricing-has-currency\" style=\"padding-top:10px;padding-right:20px;padding-bottom:10px;padding-left:20px\"><div itemprop=\"offers\" itemscope itemtype=\"http:\/\/schema.org\/Offer\"><span itemprop=\"priceCurrency\" class=\"qb-pricing-table-currency\" style=\"font-size:24px\">$<\/span><div itemprop=\"price\" class=\"qb-pricing-table-price\" style=\"font-size:60px\">49<\/div><span class=\"qb-pricing-table-term\" style=\"font-size:24px\">\/mo<\/span><\/div><\/div>\n\n\n\n<ul itemprop=\"description\" class=\"wp-block-qodeblock-qb-pricing-table-features qb-pricing-table-features qb-list-border-none qb-list-border-width-1\" style=\"font-size:20px;padding-top:15px;padding-right:20px;padding-bottom:15px;padding-left:20px\"><li>Product Feature One<\/li><li>Product Feature Two<\/li><li>Product Feature Three<\/li><\/ul>\n\n\n\n<div class=\"wp-block-qodeblock-qb-pricing-table-button qb-pricing-table-button\" style=\"padding-top:15px;padding-right:20px;padding-bottom:35px;padding-left:20px\"><div class=\"qb-block-button\"><a class=\"qb-button qb-button-shape-rounded qb-button-size-small\" style=\"background-color:#272c30\">Buy Now<\/a><\/div><\/div>\n<\/div><\/div>\n<\/div><\/div>\n\n\n\n<div style=\"height:40px\" aria-hidden=\"true\" class=\"wp-block-spacer\"><\/div>\n\n\n\n<h2 class=\"wp-block-heading\">\u00bfOn puc fer-me soci?<\/h2>\n\n\n\n<p>Per formalitzar una inscripci\u00f3 com a soci, pots enviar un email a bttllagostera@gmail.com o dirigir-te a la botigues de bicicletes que patrocina el club: Ayats Cycles.<\/p>\n\n\n\n<div style=\"height:40px\" aria-hidden=\"true\" class=\"wp-block-spacer\"><\/div>\n\n\n\n<p>Recorda disposar del seg\u00fcents dos <strong>documents impresos i firmats<\/strong> per a confirmar l&#8217;inscripci\u00f3:<\/p>\n\n\n\n<div class=\"wp-block-file\"><a id=\"wp-block-file--media-54f74552-69f6-41ac-b7f9-55dc16bdd23b\" href=\"http:\/\/www.bttllagostera.cat\/wp-content\/uploads\/2022\/03\/Formulari-Paper-Alta-Soci_rellenable.pdf\">Formulari-Paper-Alta-Soci_rellenable<\/a><a href=\"http:\/\/www.bttllagostera.cat\/wp-content\/uploads\/2022\/03\/Formulari-Paper-Alta-Soci_rellenable.pdf\" class=\"wp-block-file__button wp-element-button\" download aria-describedby=\"wp-block-file--media-54f74552-69f6-41ac-b7f9-55dc16bdd23b\"><mark style=\"background-color:rgba(0, 0, 0, 0)\" class=\"has-inline-color has-white-color\">Descarregar<\/mark><\/a><\/div>\n\n\n\n<div class=\"wp-block-file\"><a id=\"wp-block-file--media-8f787e35-a00a-4753-9098-9e952e2132c0\" href=\"http:\/\/www.bttllagostera.cat\/wp-content\/uploads\/2020\/10\/DRETS_DEURES_Federats_V4.pdf\"><strong>Drets_i_Deures<\/strong><\/a><a href=\"http:\/\/www.bttllagostera.cat\/wp-content\/uploads\/2020\/10\/DRETS_DEURES_Federats_V4.pdf\" class=\"wp-block-file__button wp-element-button\" download aria-describedby=\"wp-block-file--media-8f787e35-a00a-4753-9098-9e952e2132c0\"><mark style=\"background-color:rgba(0, 0, 0, 0)\" class=\"has-inline-color has-white-color\"> Descarregar<\/mark> <\/a><\/div>\n\n\n\n<div style=\"height:40px\" aria-hidden=\"true\" class=\"wp-block-spacer\"><\/div>\n\n\n\n<h2 class=\"wp-block-heading\">Important<\/h2>\n\n\n\n<ul>\n<li>La primera quota d&#8217;inscripci\u00f3 s&#8217;ha de fer efectiva al mateix lloc on lliuris el formulari; per als seg\u00fcents anys, el cobrament es far\u00e0 a trav\u00e9s de domiciliaci\u00f3 banc\u00e0ria.<\/li>\n\n\n\n<li>No oblideu indicar els 20 d\u00edgits del compte bancari el nom del titular, o no podrem admetre la vostra sol\u00b7licitud.<\/li>\n<\/ul>\n","protected":false},"excerpt":{"rendered":"<p>Fer-te soci del Club BTT Llagostera \u00e9s molt f\u00e0cil, per 8\u20ac a l&#8217;any podr\u00e0s gaudir de diferents beneficis pel fet de ser soci: \u00bfOn puc fer-me soci? Per formalitzar una inscripci\u00f3 com a soci, pots enviar un email a bttllagostera@gmail.com o dirigir-te a la botigues de bicicletes que patrocina el club: Ayats Cycles. Recorda disposar &#8230;<\/p>\n","protected":false},"author":1,"featured_media":0,"parent":0,"menu_order":0,"comment_status":"closed","ping_status":"closed","template":"","meta":[],"featured_image_src":null,"featured_image_src_square":null,"_links":{"self":[{"href":"http:\/\/www.bttllagostera.cat\/index.php?rest_route=\/wp\/v2\/pages\/5574"}],"collection":[{"href":"http:\/\/www.bttllagostera.cat\/index.php?rest_route=\/wp\/v2\/pages"}],"about":[{"href":"http:\/\/www.bttllagostera.cat\/index.php?rest_route=\/wp\/v2\/types\/page"}],"author":[{"embeddable":true,"href":"http:\/\/www.bttllagostera.cat\/index.php?rest_route=\/wp\/v2\/users\/1"}],"replies":[{"embeddable":true,"href":"http:\/\/www.bttllagostera.cat\/index.php?rest_route=%2Fwp%2Fv2%2Fcomments&post=5574"}],"version-history":[{"count":16,"href":"http:\/\/www.bttllagostera.cat\/index.php?rest_route=\/wp\/v2\/pages\/5574\/revisions"}],"predecessor-version":[{"id":7018,"href":"http:\/\/www.bttllagostera.cat\/index.php?rest_route=\/wp\/v2\/pages\/5574\/revisions\/7018"}],"wp:attachment":[{"href":"http:\/\/www.bttllagostera.cat\/index.php?rest_route=%2Fwp%2Fv2%2Fmedia&parent=5574"}],"curies":[{"name":"wp","href":"https:\/\/api.w.org\/{rel}","templated":true}]}}